 + 19 = 4*v. Suppose 5*b = -i*b + 155. What are the prime factors of b?
31
Let v(o) = o**3 + 8*o**2 + 8*o + 10. Let c be v(-7). Suppose -2*z + 35 = -n, -c*z - n + 55 = z. List the prime factors of z.
3, 5
Let v be -5 + 1 - (6 + -437 + 6). Let l = -250 + v. List the prime factors of l.
3, 19
What are the prime factors of 445/20 + 6/8?
23
Suppose 2232 - 346 = 2*a - 4*b, -5*a + 2*b = -4747. List the prime factors of a.
3, 317
Suppose -h + 75 = 4*h. Suppose -h = -5*w - 0*w. Suppose 2*d = -w*v - 3*d + 95, -5*d - 25 = 0. What are the prime factors of v?
2, 5
Let q be (-80)/(4 + -2 - 1). Let t = 99 + q. List the prime factors of t.
19
Let i = 7610 + -5358. List the prime factors of i.
2, 563
Suppose -3*n = -5*n + 1854. List the prime factors of n.
3, 103
Suppose 4*n - 4 = -2*g, 2*n - g - 4*g = -10. Suppose 5*z + 4*w - 1058 = n, 5*w = 5*z + 4*w - 1073. What are the prime factors of z?
2, 107
List the prime factors of 34 + -28 + 10*59.
2, 149
Let h(u) = 10*u + 12*u**2 + 3*u**3 - 9 - 8*u**3 + 6*u**3. Let g be h(-11). Suppose g*d + 40 = 3*k, 0 = 4*k - 3*d - 0*d - 55. What are the prime factors of k?
2, 5
Let m = -991 - -2024. List the prime factors of m.
1033
Let m(g) = -6*g - 174. What are the prime factors of m(-39)?
2, 3, 5
What are the prime factors of ((-483)/12)/(((-35)/80)/7)?
2, 7, 23
Suppose 16*z - 24239 - 9121 = 0. List the prime factors of z.
3, 5, 139
List the prime factors of (-44464)/70*-10*(-3)/(-12).
2, 397
What are the prime factors of ((-55)/(-10) - 3)*918 + 3?
2, 3, 383
Let n = 252 + -135. Let c = n - 48. List the prime factors of c.
3, 23
Let j be 13/4 - 4/16. Suppose j*d - 262 = d. What are the prime factors of d?
131
Suppose 0 = 5*j + 4*n - 8, -2*n + 6 = -3*j + n. Suppose 0 = 3*r - j*r. Let q(k) = -3*k + 28. What are the prime factors of q(r)?
2, 7
Let p = 26 - -20. Suppose p = 4*a + 154. Let b = a + 33. What are the prime factors of b?
2, 3
Suppose -42 = -2*t - 5*x, t - 2*t + 20 = 2*x. Suppose -5*w - q = -3*q - 2, -4*q + t = 0. Suppose 0*r - w*r + 18 = 0. List the prime factors of r.
3
Suppose -17*p = -8933 - 3154. What are the prime factors of p?
3, 79
Let i = 280 + -127. Suppose 1181 = 4*f + i. List the prime factors of f.
257
What are the prime factors of (-1 - 15/(-9))*4389?
2, 7, 11, 19
What are the prime factors of 30/(-12)*(2 + (-224)/1)?
3, 5, 37
Let m(d) = 28*d + 94. What are the prime factors of m(6)?
2, 131
Let b(z) be the third derivative of -7*z**4/24 - z**3/2 - 4*z**2. List the prime factors of b(-12).
3
Let g(r) = 27*r**2 + 4*r + 16. List the prime factors of g(5).
3, 79
Suppose -10*z = -15*z + 40. Let n(p) = p**2 - 4*p. What are the prime factors of n(z)?
2
Let a(s) = s. Let p be a(2). Suppose 0 = g + v - 27, -72 + 14 = -p*g - 4*v. Let y = g - 12. List the prime factors of y.
13
Suppose -85*d - 144 = -87*d. List the prime factors of d.
2, 3
List the prime factors of 8004/33 - 6/11.
2, 11
Let u = -1773 + 2790. List the prime factors of u.
3, 113
Let v(y) = 40*y**2 - 136*y + 18. List the prime factors of v(7).
2, 3, 19
Let x be (-6)/(-1 + (-62)/(-56)). Suppose -836*n = -840*n - 88. Let a = n - x. List the prime factors of a.
2, 17
Suppose 1034 = 5*n - 506. List the prime factors of n.
2, 7, 11
Let f(x) = -2*x**2 - x + 7. Let p be f(0). Let k(b) = -b**2 + 4*b + 13. Let h be k(p). What are the prime factors of (-21)/(-28) - 10/h?
2
Let b be ((-1)/(-3))/(1/(-15)). Let i(o) = o**2 + 10*o + 6. Let s be i(b). Let r = s - -33. List the prime factors of r.
2, 7
Let a(r) = 2*r. Let f be a(-3). Let d(s) = -5*s**3 - s + 4*s**3 - 5*s**2 - 7 + 0*s. What are the prime factors of d(f)?
5, 7
Let m be (-39)/(-12)*(-2 - 6). Let q = 61 + m. What are the prime factors of q?
5, 7
Suppose 3*h + 2*h = 25. Suppose 5*k = 3*k + h*c - 28, 0 = -2*c - 4. Let f = k + 29. What are the prime factors of f?
2, 5
Let r(v) be the second derivative of -1/6*v**3 + 0 + 1/3*v**4 - 6*v - 1/2*v**2. What are the prime factors of r(3)?
2
Suppose 4*b - l - 186 = 31, 4*b = -3*l + 213. What are the prime factors of b?
2, 3
Let k = 0 + 7. Let j(x) = -x**2 + 12*x - 11. Let b be j(k). Suppose 0 = 2*w + 8 - b. List the prime factors of w.
2
Suppose -q = 4*o + 2*q + 3021, -o - 3*q - 744 = 0. Let r be o/(-12) + 1/(-4). Suppose 5*v - 2*v - r = 0. List the prime factors of v.
3, 7
Suppose 4*n - 912 = -2*b, 746 + 1554 = 5*b + 5*n. What are the prime factors of b?
2, 29
Let q(f) = 1 - 3*f + f + 5. List the prime factors of q(-15).
2, 3
Let r(s) = -3*s**3 - 29*s**2 - 13*s + 13. What are the prime factors of r(-13)?
2, 3, 13
Suppose 3*m = -g + 2, m + 0*m + g = 2. Suppose -5*a - 20 = 0, -5*p + a + 2*a + 752 = m. What are the prime factors of p?
2, 37
Suppose -2*w - 3*w = 110. Let z = 33 + w. Suppose -z = -5*j + 9. What are the prime factors of j?
2
Let j = 476 + -207. List the prime factors of j.
269
Let v be 3 + -2 + (3 - 4). Let w = -105 - -57. List the prime factors of (v - w) + -2 + 3.
7
Let y be 2/14 + (-608)/(-7). Let d = 158 - y. List the prime factors of d.
71
Let v(j) = -305*j - 158. What are the prime factors of v(-4)?
2, 3, 59
Let l(f) = 84*f + 110. What are the prime factors of l(9)?
2, 433
Suppose -5*u + 11740 = 5*c, -17*u - 4701 = -19*u + 3*c. List the prime factors of u.
3, 29
Suppose 0 = -3*s - 2*x + 265, 3*s = 5*x + 65 + 228. Let t = s - 78. List the prime factors of t.
13
Let z(l) = -351*l**3 - l - 2. Let s(i) = -i - 7. Let t be s(-6). Let y be z(t). Suppose 6*h = h + y. List the prime factors of h.
2, 5, 7
Let m = 85 - 59. Let g = m + 24. What are the prime factors of g?
2, 5
Suppose 0 = v - 15 + 12, 5*u - 926 = -2*v. What are the prime factors of u?
2, 23
Suppose 2*l - z = 4, -7 = -3*l - z - 1. Let d(s) = -s. Let y be d(0). Suppose y*k - l*k = -66. List the prime factors of k.
3, 11
Let s = -434 + 261. Let t = 90 + s. Let w = -43 - t. What are the prime factors of w?
2, 5
Let b(x) = x + 4. Suppose 7*y - 3*y = 0. Let u be b(y). Suppose -81 = u*r + v - 220, -5*r + 5*v = -180. List the prime factors of r.
5, 7
Let v(r) be the second derivative of -5*r**4/12 - r**3/2 + 4*r. Let j be v(-2). List the prime factors of 7*(2 - 8/j).
2, 3
Let t(l) = -3*l**2 + 52*l + 29. What are the prime factors of t(13)?
2, 3, 11
Suppose -2*a - 5*y = a + 40, -2*y - 13 = a. Let n(b) = -b**2 - 14*b + 18. Let w be n(a). Suppose -2*z = -5*q + 79, 8 = w*z - 1. What are the prime factors of q?
17
Let l(p) = -p**3 + 4*p**2 + 13*p - 2. Let y be l(6). List the prime factors of y/28 - 3608/(-28).
3, 43
Let n = 5 - 1. Let x(f) = 6*f - 5. List the prime factors of x(n).
19
Let r = 895 + -208. List the prime factors of r.
3, 229
Let a = 1000 + -666. What are the prime factors of a?
2, 167
Let r = -17 - -21. Let g(b) = b**3 - 4*b**2 + 2*b - 1. List the prime factors of g(r).
7
Suppose -5*v - 25 = -3*i, -4*v - 10 = 2*i - 2*v. Suppose -2*r = -2*y - 25 - 141, i = 2*r - 4*y - 160. What are the prime factors of r?
2, 43
Let q(u) = -u**2 + 7*u. Let r(y) = -3*y - 3. Let k be r(-3). Let v be q(k). List the prime factors of 6 + -3 - -3*v.
3, 7
Let u be 19 + (1 - 4) - 0. Let s = u - 11. Suppose 0*n + n = 4*d + 12, -d - 155 = -s*n. What are the prime factors of n?
2
Let t(v) = -47*v + 41. Suppose 0 = -4*q - 0*o + 2*o - 20, 5*q + 24 = 3*o. What are the prime factors of t(q)?
17, 19
Suppose 2*g - 3930 = 3*k, -g = -42*k + 41*k - 1964. List the prime factors of g.
2, 3, 109
Let z = 1558 + -752. List the prime factors of z.
2, 13, 31
Suppose 12 = 2*u - 0. Suppose u*o = 5*o + 4. Suppose -4*b + 93 + 15 = -o*h, 114 = 5*b + 2*h. What are the prime factors of b?
2, 3
Suppose 18*m = 11216 - 3404. List the prime factors of m.
2, 7, 31
Suppose 7*g = 32*g - 28275. What are the prime factors of g?
3, 13, 29
List the prime factors of ((-1748)/(-6))/(5*(-2)/(-30)).
2, 19, 23
Let l = 436 - -7. List the prime factors of l.
443
Suppose -c = -2*c + u + 949, 1 = u. What are the prime factors of c?
2, 5, 19
Let v be (35/(-10))/7*10. List the prime factors of (0 + 44)/((-5)/v).
2, 11
Let h(l) = 5*l + 23*l**2 - 16*l**2 + l**3 - 10*l**2. What are the prime factors of h(3)?
3, 5
Let p(y) = 5*y - 14. Let d be p(3). Suppose 4*l + 10 = o, -l + d = -1. What are the prime factors of o?
2, 3
Let b(n) = -n**3 + 18*n**2 - 18*n + 17. List the prime factors of b(14).
3, 61
Let h = -9903 + 15384. List the prime factors of h.
3, 7, 29
Let 